 + 9*f + 10. Let b be o(-8). Let n be 1/b + 54/12. Let k(d) = 4 - n + d**2 - 14*d + 14*d. What is k(2)?
3
Let k(h) = -h**2 - 9*h - 5. Let t(f) = f**2 + 8*f + 7. Let w(g) = -g**2 - 8*g - 8. Let s(v) = -4*t(v) - 3*w(v). Let q(y) = 4*k(y) - 5*s(y). Calculate q(-5).
5
Let x(f) = f + 9. Let l = 20 + -18. Suppose -12 + 20 = l*o. Suppose 4*q = -24 - o. Determine x(q).
2
Let x(a) be the third derivative of -1/60*a**5 + 0 - 7/24*a**4 + 0*a + 12*a**2 - 4/3*a**3. Give x(-6).
-2
Suppose 24 = 15*f + 99. Let a(y) = -y - 10. Give a(f).
-5
Let f(i) = -8*i + 4. Suppose -5*d = 2*z - 16, z + 18 = -8*d + 12*d. What is f(z)?
20
Let q = 15 - 15. Suppose q = -8*j + 1 - 33. Let s(m) = -2*m + 2. What is s(j)?
10
Suppose -o = 2*s + 13, 2*s + 35 = -5*o - 2*s. Let n(q) be the third derivative of q**4/24 + q**3 + 9*q**2. Let v be n(o). Let a(t) = -2*t + 3. What is a(v)?
-3
Let y be (-3 - -3) + (5 - 1). Let m(q) be the second derivative of -1/12*q**y + 0 - 1/3*q**3 - q - 1/2*q**2. Calculate m(-4).
-9
Let d(y) = y - 4. Let t = 9 - 8. Let r(a) = a - 1. Let f(x) = t*d(x) - 4*r(x). Give f(1).
-3
Let a(o) = o**2 + 8*o - 6. Let g(x) = x**2 - 3*x. Let v be g(-4). Let m = v + -35. What is a(m)?
-13
Suppose 21*i + 14 = 7*i. Let a(c) = -3*c**2 - c - 1. Determine a(i).
-3
Suppose -5*m - 56 = -10*m + 3*s, 3*m = -2*s + 45. Let n(z) = z**3 - 12*z**2 - 14*z + 6. Calculate n(m).
-7
Let n(t) = 74*t - 22. Let q(j) = 64*j - 22. Let z(p) = 6*n(p) - 7*q(p). Determine z(8).
-10
Let f(v) = -v + 16. Suppose 294 = 7*r - 3*r - 3*b, -4*r = b - 302. Suppose 0 = 5*n + 5*y - r, 4*n - 64 = -2*y - 3*y. Give f(n).
5
Let q(w) = 24*w - 75*w + 52*w. Let y be 2/8 - (-9)/(-4). Determine q(y).
-2
Let i(y) be the third derivative of 0 - 1/12*y**4 + 11*y**2 - 1/120*y**6 - 2/3*y**3 - 1/10*y**5 + 0*y. Give i(-6).
8
Let i be -2 - (-1 - (-3 - -4)). Let s = i + 10. Suppose 4*f + 22 - s = 0. Let y(l) = l**3 + 5*l**2 + 3*l + 4. Give y(f).
13
Let k = -10 - -13. Suppose -5*o = 4*u - 10, -13 = -u + o + k*o. Let n(s) = -3*s**3 - 4*s - u*s**2 + 1 + 3*s + 2*s**3. Calculate n(-5).
6
Suppose -m + 4*m + 33 = 0. Let c = m - -12. Let g(v) = 6 - c - 1 - v - v**2 + 2*v. Determine g(4).
-8
Let q = 7 - -4. Let g = -8 + q. Suppose h = g*h + 2. Let o(a) = -17*a - 1. Determine o(h).
16
Suppose 7*v + 125 = 27. Let f = v - -15. Let m(g) = -f - 10*g**2 + 2*g + 11*g**2 + 0*g. What is m(-4)?
7
Let v(n) = -2*n - 33. Let o(d) = 7. Let w(s) = -3*o(s) - v(s). Determine w(-9).
-6
Let r(y) = -y**2 - y - 3. Let u(q) = -53*q**3 - 50*q**3 - 2*q + 104*q**3. Let w be u(0). Determine r(w).
-3
Let c(k) = -k**3 + 3*k**2 + 3*k - 3. Suppose 34*z = 20 + 82. What is c(z)?
6
Suppose 21*a + 120 = 51*a. Let f(q) = 2*q - 2. Determine f(a).
6
Let a(s) = -31014 + 4*s - 3*s + 31010. Let h(c) = c. Let z be h(1). Let i be a(z). Let j(f) = -4*f + 3. What is j(i)?
15
Let n(i) = 6*i + 4. Let b be (6/5)/((-15)/(-525)*14). Determine n(b).
22
Let r(i) = -i**2 + 9*i + 33. Let g be r(11). Let s(p) = p**2 - 11*p + 2. Give s(g).
2
Let m(d) = d**2 + 10*d + 8. Let r = 517 + -523. What is m(r)?
-16
Let l(k) be the third derivative of -k**6/120 - k**5/30 + k**4/6 - 2*k**3/3 - 10*k**2. Determine l(3).
-37
Let y(p) = -p**3 + p**2 + p - 4. Let n = 0 + -40. Let l = 40 + n. What is y(l)?
-4
Let u(q) = 2*q**3 + 7*q**2 + 7*q + 14. Let y(k) = -k**3 - 4*k**2 - 4*k - 7. Let t(c) = 6*u(c) + 13*y(c). Calculate t(-9).
2
Let s = 1 - 1. Let h = 1 - s. Let a(c) = -2 + 28*c**2 + 37*c**2 + 2 - 64*c**2. Give a(h).
1
Let b be 11 - (3 - -9)/3. Suppose -3 = -4*h - b. Let o(t) = 7*t**2 - 2*t - 1. Give o(h).
8
Let r(p) = -3*p - 2. Suppose 0 = -3*s - 2*o - 2*o - 7, o + 16 = 4*s. Suppose 0*x = -3*x - s. Let n be (x/(-3))/((-2)/12). What is r(n)?
4
Suppose i + 235 = 2*i. Let p(b) = i*b - 463*b + 230*b. What is p(-1)?
-2
Let a(h) = -12*h + 4*h**2 + 1 + 9*h**2 - 7*h**2 - 3. Determine a(2).
-2
Suppose -5*h = -3*f - 41, f = 3*h - 9 - 18. Let u(x) = 10*x - h - 6*x + 2*x + x**2. Give u(-8).
6
Let d = -137 + 141. Let g(z) = -3*z**2 + 5*z + 1. Calculate g(d).
-27
Suppose -l = -5*l + 8. Let y(w) = -3 - w + l*w + 14. Determine y(-6).
5
Let t(s) be the first derivative of 1/6*s**4 - 1/20*s**5 + 1/360*s**6 + 0*s**2 + 9 + 2/3*s**3 + 0*s. Let c(o) be the third derivative of t(o). Calculate c(6).
4
Let n(c) = -c**2 - 7*c - 5. Let m(u) = u**2 - 3*u - 5. Let p be m(8). Suppose p = 4*g - 11*g. Calculate n(g).
5
Let u(m) be the first derivative of -8*m - 1/4*m**4 - 2*m**3 + 12 + 0*m**2. Calculate u(-6).
-8
Let b = -11 - -11. Let p(l) = 4*l + 0*l - 3*l - 2*l - 6. What is p(b)?
-6
Let b(f) = -58*f**3 + 6 - 60*f**3 + 120*f**3 - 4*f. Determine b(2).
14
Let s(j) = -7*j**2 - 30*j - 4. Let a be s(-4). Let x(d) be the third derivative of 3/20*d**5 + 0*d + a*d**2 + 0 + 1/6*d**3 + 1/12*d**4. Calculate x(-1).
8
Suppose -40*a + 55 = -25. Let w(u) be the first derivative of a*u**2 - 4 - u + 1/3*u**3. What is w(-2)?
-5
Suppose 18 = 4*l + 2*l. Let g(o) be the second derivative of 1/3*o**3 + 0 - 2*o + o**2 - 5/12*o**4 + 1/20*o**5. What is g(l)?
-10
Let y(c) = c**2 - 34*c - 3. Let b(o) = 5*o + 1. Let s(w) = -6*b(w) - y(w). Determine s(6).
-15
Let p = 119 + -126. Let r(m) = m + 14. Determine r(p).
7
Let t be 7 + (3 - 0) + -6. Suppose -10*d - t*d = 0. Let f(w) = w**2 - w - 8. Give f(d).
-8
Let t(r) = r**3 + 5*r**2 + 4*r + 5. Let q(k) = -k**3 - 4*k**2 - 9. Let h(g) = g + 1. Let b(i) = 5*h(i) + q(i). Let z be b(-5). Give t(z).
5
Let g(b) be the first derivative of 2*b**3 - b**2/2 - 1. Let c(d) = -3*d**2 + 14*d + 81. Let n be c(8). Calculate g(n).
5
Let r = 1 - 0. Let m(z) = -2*z + 1. Let g(o) = 3*o + 2. Let q(y) = -g(y) + m(y). What is q(r)?
-6
Let l(v) = 2*v**3 - 5*v + 3. Let t(x) = -x**3 + 9*x**2 - x + 113. Let f be t(10). Determine l(f).
42
Let r = -211 + 214. Let y(t) = t**3 - t**2 - 3*t - 2. Calculate y(r).
7
Let q = 701 - 699. Let m(z) = 4*z**3 - 4*z**2 + 4*z - 3. Determine m(q).
21
Let d(j) be the first derivative of -1/3*j**3 - 1 - 3*j**2 - 3*j. Let z = 32688 + -32690. Give d(z).
5
Let o(u) = -10*u + 2. Let y(q) = q - 1. Let f(l) = -o(l) - 12*y(l). What is f(0)?
10
Let w(f) = -f + 4. Let s(c) = -3*c**2 + 4*c + 2. Let h be s(4). Let j = h - -62. Suppose -t = -2*v + 4*t - 12, -3*t = 5*v - j. Calculate w(v).
0
Let v(o) = 3*o**3 - o**2 + 1. Let t = 15 - 10. Let c(k) = k - 13. Let d be c(t). Let i be -2 - (-4)/(d/(-6)). Determine v(i).
3
Let z(p) be the third derivative of -7*p**4/24 - 25*p**2. Let f = -2 - -2. Suppose -4*s - 5*r = -f*s + 14, 4*s = 2*r. Calculate z(s).
7
Let y(p) = 13*p**2 + 7*p - 1. Let s(a) = -5*a**2 - 3*a. Let l(t) = 5*s(t) + 2*y(t). Suppose 3*j + 5*k + 0*k - 24 = 0, 0 = -4*j + 2*k + 6. What is l(j)?
4
Suppose -14*n + 15*n + 2 = 0. Let k = n + 4. Let w(c) = -5*c**2 + 3*c**k + c**2. Calculate w(1).
-1
Let f = -7 + 12. Let n(r) be the second derivative of r**7/840 - r**6/60 + r**5/40 - r**4/24 + r**3 + 4*r. Let m(x) be the second derivative of n(x). Give m(f).
-11
Suppose -2*j + 1 = -5. Let q(p) = -j*p**3 + 0*p**3 + 6 + p**2 + 5*p**2 + 4*p**3. Let w = -5 + -1. What is q(w)?
6
Let t be 8/(-36) + 112/18. Let c(j) = -3*j**3 - 3 - 2*j**3 + t*j**3 - j + j**2 + 0*j. Let o be 0/((3/1)/3). Calculate c(o).
-3
Let m(u) = -6*u + 3 + 12*u - 5*u - 2. Give m(-1).
0
Let m(r) = -r**3 + 7*r**2 - 7*r. Suppose -89 = 2*s + 75. Let i = s - -88. Calculate m(i).
-6
Let o(z) = 4*z - 47 + 103 - 51. Determine o(4).
21
Let n(p) = -8*p**2 - 11*p - 6. Let u(m) = 7*m**2 + 10*m + 6. Let i(c) = -5*n(c) - 6*u(c). Calculate i(-6).
-48
Let m(r) = -r**2 + 2. Suppose -n + 11 - 3 = -i, 3*i - 5*n + 20 = 0. Let u = 10 + i. What is m(u)?
2
Suppose 0 = 2*j + 2*j - 32. Suppose 10*i - j*i = 10. Let z(q) = -3*q**2 + 4*q**2 + i*q - 3*q**2 - 3 + q**2. What is z(2)?
3
Let c(j) = 3 + 8 + 6*j - 4. Calculate c(-5).
-23
Let y(h) = 18*h + 8. Let d(t) = 28*t + 12. Let s(w) = 5*d(w) - 8*y(w). What is s(8)?
-36
Let t(f) = -3*f + 29 - 12*f**2 + f**3 + f + 7*f**2 - 8*f**2 - 15*f. Determine t(14).
-13
Let a = -232 + 227. Let k(m) = m**3 + 4*m**2 - 4*m + 3. Calculate k(a).
-2
Let x(m) = m**2 + 7. Let d(s) = -s**2 - 3*s + 4. Let n be (-6)/30 + 28/(-10). Let q be d(n). Let t be -3 + q + (-2 - -1). Give x(t).
7
Let j(v) = v**2 - 8*v + 3. Let c(p) = -p**2 + 15*p - 19. Let y(x) = -x**2 - 10*x + 13. Let o be y(-10). Let f be c(o). Calculate j(f).
-4
Let p(b) = -2*b**2 + 55*b + 135. Let q